 = -3 + 5. Let i be -80*((-32)/10)/y. Calculate the greatest common divisor of i and m.
16
Suppose 2*z - 6*z + 8 = 0. Suppose -4*u + 6 = -3*k - 99, 0 = z*u - 4*k - 60. What is the greatest common divisor of u and 144?
24
Suppose 310*l - 311*l = -95. Calculate the greatest common factor of l and 608.
19
Suppose -4*s - 40 = -5*y, 3*y + 61 = 6*y + 5*s. Suppose -j + 1 + y = 0. Let h = -2 + j. Calculate the highest common factor of 33 and h.
11
Let n = -100 + 109. Suppose -28 = -n*c + 8*c. Calculate the greatest common factor of c and 35.
7
Let x = -63 + 99. Let u = -644 + 653. Calculate the greatest common divisor of u and x.
9
Let l(r) = 5*r**2 + 9*r - 8. Let z be l(8). What is the greatest common divisor of z and 12?
12
Let l be 4 + -8*5/(-10). Calculate the highest common factor of 5 and l.
1
Suppose -n = 5*d - 90, -16*d + 8 = -14*d. Calculate the greatest common factor of n and 190.
10
Let q = 22 + -6. Suppose 279 = 3*m - 3*l - 195, 4*m - 634 = 3*l. What is the highest common divisor of m and q?
16
Let p be -2 + 2 - (1 - -1). Let h be (-1)/(p + 7/4). Suppose 32 = -2*w + 3*w. What is the greatest common divisor of h and w?
4
Suppose -3*x + 14*k = 9*k - 9436, 3168 = x + 4*k. What is the highest common divisor of 16 and x?
16
Let r be -5*(2 - 0)*-8. Let g(x) = -x**3 - 15*x**2 - 12*x + 2. Let i be g(-14). Let q = i - -46. Calculate the greatest common factor of q and r.
20
Let r(u) = -u**2 + 3*u - 4. Let a(g) = -g**2 - 6*g + 2. Let h be a(-5). Let q be r(h). Let z be 110/8 + (-8)/q. What is the greatest common factor of z and 35?
7
Let w(t) = t - 11. Let v be w(8). Let l be (-5 + -1)/v*20. Suppose -5*x + 55 = 5*z, 19*z - 20*z - 49 = -5*x. Calculate the greatest common divisor of x and l.
10
Let f = 14 + -16. Let q be 5 - (4 + -4 - f). Let y(s) = 2*s**2 + 4*s - 3. Let h be y(3). What is the greatest common factor of q and h?
3
Let x be -4 - -1 - -1 - -6. Suppose -4*f - z + 19 = 0, -12 = -x*f - 4*z + 4. Calculate the greatest common divisor of 5 and f.
5
Let n(v) = 216*v + 1. Let z be n(1). Let r(q) = 3*q - 13. Let h be r(6). Suppose h*g = z - 42. What is the highest common factor of 5 and g?
5
Let d = -184 + 189. Let y(x) = x**2 - 4*x - 1. Let b be y(7). Calculate the greatest common factor of d and b.
5
Let a be (-28)/(-7) + -124*(3 + -5). Calculate the highest common factor of a and 189.
63
Suppose -8610 = -56*s + 4382. What is the greatest common divisor of 29 and s?
29
Suppose -28 = -4*v + 2*g, -v + 2*g + 10 = -0*v. Suppose v*n - 4*n = 0. Suppose 5*b + 20 = n, b - 11 = -2*p + 3. What is the highest common factor of p and 45?
9
Let t(g) = 3*g**2 + 6*g + 31. Let q be t(-6). Let a = -91 + q. Suppose 0 = -4*u + 70 + 122. What is the highest common divisor of u and a?
12
Let y(k) = k**3 + 7*k**2 - 5*k - 6. Let b be y(-7). Suppose 1053 = 4*s - 5*v + 9, 5*v = -5*s + 1305. What is the greatest common factor of b and s?
29
Let k be 12 - 2/(0 - 1). Let v be (-24)/(-9) - 3/(-9). Suppose v*h - 42 = -3*h. What is the highest common factor of h and k?
7
Let l(k) = 16*k**3 + k. Let n be l(2). Suppose -4*i - i = -n. Let d = i - 14. Calculate the greatest common factor of d and 108.
12
Let z(y) = 22*y + 920. Let f be z(-41). Let c(r) = 19*r**2 + r - 2. Let b be c(-2). What is the highest common divisor of b and f?
18
Suppose -6*a + 376 = -398. Suppose -6*f - a = -633. Calculate the greatest common divisor of f and 56.
28
Let l(n) = 4*n - 6. Let r be l(7). Let u(p) = -1 - 7*p + 6 + p**2 - 2*p**2. Let q be u(-6). What is the greatest common divisor of r and q?
11
Suppose -3*u = -2*d - 474, -2*u + 328 = 2*d + 22. Let v = u - 142. Let z = 8 - -146. What is the greatest common factor of v and z?
14
Let x = -64 - -65. Let g = 19 - x. What is the highest common divisor of 12 and g?
6
Let v = 89 + -109. Let m = v - -32. What is the highest common divisor of m and 4?
4
Let c = 1458 - 786. Calculate the greatest common factor of 42 and c.
42
Let o(k) = 6*k**2 + 3*k + 1. Let x be o(-2). Suppose -4*w - 3*v = -1029 + 196, 4*w - 3*v = 839. What is the highest common divisor of x and w?
19
Suppose -i = 2*i + m - 472, 3*i - 4*m = 497. Suppose 3*o - 72 = i. Suppose 0 = 6*y + 18*y - 264. What is the greatest common factor of o and y?
11
Let o(j) = -26*j + 2. Let k = -7 + -10. Let w = k - -15. Let t be o(w). Calculate the highest common divisor of 18 and t.
18
Suppose 5*f - 391 + 246 = 0. Calculate the greatest common divisor of 203 and f.
29
Let l be ((-8)/3 + 1)/((-3)/18). Suppose -r - 3*k + 75 = 2*k, 4*r = -2*k + 318. What is the highest common divisor of r and l?
10
Suppose -1709 + 4634 = 15*m. Calculate the greatest common factor of 78 and m.
39
Suppose -4*p = -2*b - 23 + 1, 3*b + 8 = p. Suppose -x + p = -0*x. Suppose x*q - 27 = -2*r, -3*q = r - 2*q - 15. What is the greatest common factor of r and 80?
16
Let w = 4 + -1. Let z be w - (2*-1)/(-2). Suppose 0 = 3*f - y - 20, 29*f - 31*f + 6 = 3*y. What is the highest common factor of f and z?
2
Suppose -5*s - 12 + 127 = 0. Let j = 43 - s. Suppose -4*h - j = -5*h. What is the greatest common divisor of h and 8?
4
Let z = -6 - -13. Let c(j) = 2*j - 10. Let m be c(z). Suppose 0 = -l + m + 6. Calculate the greatest common divisor of 10 and l.
10
Let n be 2/10 + (-56)/(-20). Let h be ((-2)/n)/((-4)/12). Suppose 0 = 2*m - 2*w + 2, m - 2*w = -h*m + 2. What is the greatest common factor of m and 28?
4
Let y = 399 - 367. What is the highest common factor of y and 3?
1
Suppose 2*l = 5*u - 14, 0 = -5*u + 2*l - l + 17. Let s(c) = -c**3 - 4*c**2 - 5*c - 2. Let k be s(-3). What is the highest common factor of u and k?
4
Let z = -45 + 47. Suppose 5*w = -0*w - a + 55, z*w = -5*a + 45. What is the greatest common divisor of w and 50?
10
Let k be ((-3)/(-1) + -2)*19. Suppose 0 = 20*h - k*h - 50. Suppose -5*y = -275 - h. What is the greatest common factor of y and 13?
13
Let s = 396 - 261. Calculate the highest common factor of s and 75.
15
Suppose 4*r - 4*p = -136, -2*p = -4*r - 66 - 62. Let b = -14 - r. Calculate the greatest common divisor of 4 and b.
4
Suppose 7*r = 4*r + 27. Let i be ((-2)/8)/(r/(-108)). Suppose n + 3*l = 4*l + 34, 0 = -i*n - 3*l + 90. What is the greatest common divisor of n and 80?
16
Suppose -5*l + 151 = 56. Let d = l - 11. Let s be (-7)/((-7)/d)*1. Calculate the highest common factor of s and 20.
4
Let d be 3 - 6 - (-3*226)/1. What is the greatest common factor of d and 27?
27
Let m be (-1)/4 + 147/28 - -11. Suppose 4*q - 55 = x + 2*x, 0 = -4*q + 2*x + 58. What is the highest common factor of m and q?
16
Suppose 4*l - 5*w - 1 = 0, -3*w - 6 = 5*l - 2*w. Suppose -4*y - 2*p - p = 64, 3*p = y + 1. Let s = l - y. What is the greatest common divisor of 48 and s?
12
Let q = 77 + -44. Let g be (33/6)/(7*(-7)/(-98)). Calculate the highest common divisor of g and q.
11
Let r be (-1 - (-20)/25)/(6/(-330)). Calculate the highest common factor of r and 297.
11
Suppose 16*o - 22*o = -264. What is the greatest common divisor of o and 4?
4
Let f be (-2 + 218)*(102/(-12) - -9). What is the highest common divisor of 27 and f?
27
Suppose -23*s + 889 - 291 = 0. What is the highest common divisor of 481 and s?
13
Let x be -1*1/7 - 280136/(-266). Calculate the highest common factor of 26 and x.
13
Suppose -2*l - 2*g = -1190, -5 = -4*g - 1. What is the highest common factor of 132 and l?
66
Let p(n) = -2*n - 2. Let o be p(-3). Suppose q + o*q + 525 = 0. Let f = q + 196. Calculate the greatest common divisor of f and 13.
13
Suppose -106*u = -110*u + 272. What is the greatest common factor of 4 and u?
4
Suppose 3*b + b - 36 = 0. Let t(p) = -34*p**3 + 3*p - 2. Let i be t(1). Let q be i/((28/12)/(-7)). Calculate the highest common divisor of q and b.
9
Let n(j) = j**3 - 3*j**2 - 5*j + 4. Let i be n(4). Suppose i*d + q - 483 = -4*d, 0 = -2*d + 4*q + 228. Calculate the highest common factor of 10 and d.
10
Suppose 4*h - 90 = 14*h. Let p be (138/h)/(((-30)/(-63))/(-5)). Calculate the highest common divisor of 23 and p.
23
Let i be -74 - -3*(-4)/(-12). Let f = -65 - i. What is the greatest common factor of f and 2?
2
Suppose -3*t + 62 = -103. What is the highest common factor of 55 and t?
55
Let z(i) = -i**3 - 5*i**2 + 3*i - 15. Suppose 4*n = 4*h + 44, -4*h - 2*n - 19 = -n. Let d be z(h). What is the highest common factor of d and 9?
3
Let l be (